 = -2*b**2 - 6*b + 7. Let m(c) = u(c) + 3*v(c). Let z(g) = -3*a(g) - 4*m(g). Determine z(6).
-7
Let f(d) be the first derivative of -6 + 13/3*d**3 - d + d**2. Let c = 8 + -7. What is f(c)?
14
Let x(s) be the third derivative of -s**6/360 - s**5/20 - s**4/4 - 37*s**3/6 - 24*s**2. Let b(r) be the first derivative of x(r). What is b(-4)?
2
Let t(r) = -19*r + 10*r + 10*r - 1. Suppose -3 = 5*p + 52. Let d = 16 + p. Give t(d).
4
Let v(n) = -2 + 5*n**2 + 0*n**2 - 4*n**2 - 7*n. Let p be v(7). Let r be ((-15)/(-6) + p)*0. Let a(j) = j**2 - j - 8. Give a(r).
-8
Let s(j) be the second derivative of -1/4*j**4 - 10*j + 0 + 2/3*j**3 - 3/2*j**2. What is s(2)?
-7
Suppose 2*b + 1 = -2*z - 5, z = 2*b - 18. Let p(i) = i**2 + 7*i - 10. Let o be p(z). Let k = o - -7. Let r(g) = g**2 - 6*g + 3. Calculate r(k).
-2
Let c(m) = -m**3 - 2*m**2 - m. Let h be c(-1). Let i(f) = 180 + 8*f**2 - 9*f**2 - 177. What is i(h)?
3
Let t(x) be the first derivative of 15*x**2/2 + 2*x + 797. Calculate t(4).
62
Let z be (-16)/(-20) + ((-104)/(-5))/4. Let j(p) = -6*p - 6*p + 2*p - 1 + p**2. What is j(z)?
-25
Let c be -2 + 3 - 30/10. Let x(f) be the first derivative of 3*f**2/2 + 2*f + 1. Let v be x(c). Let o(z) = -2*z - 1. Give o(v).
7
Let v(a) = a**2 - 3*a - 11. Suppose -d + 1 = 4*q, -5*q = 4*d - 4*q - 19. Let b(j) = 1 - 6 - j**2 + 5*j + 15 - 3*j. Let c(z) = d*b(z) + 4*v(z). Give c(-5).
-9
Suppose 11*b - 9 = -75. Let x(j) = 3*j + 13. Give x(b).
-5
Let b(c) = -17*c**2 - 2*c - 13. Let x(u) = -9*u**2 - u - 7. Let t(s) = 6*b(s) - 11*x(s). Give t(1).
-5
Let z(f) be the third derivative of -f**6/120 - f**5/30 + 7*f**4/12 + f**3/3 + 2*f**2 + 28*f. Determine z(-5).
7
Let f(v) = -66*v. Let g be f(-1). Let b(i) = -30 - 29 + i + g. Calculate b(0).
7
Let l(x) = -609 + 195 + 204 - x + 205. Determine l(-2).
-3
Let q = 2 - -1. Let s(t) be the second derivative of -1/6*t**3 - 2*t + 0 + 2*t**2. Give s(q).
1
Let t(l) = -4*l**3 + 16*l**2 + l. Let n be t(4). Let v(r) be the first derivative of 1/4*r**4 + 2 + 2*r**3 + 2*r**2 - n*r. Give v(-4).
12
Suppose -4*y + 18 = -2*s, 5*s + 2*y + 3 = -78. Let f(m) = -m**2 - 16*m + 6. Determine f(s).
21
Let c(p) = -p**2 + 8*p - 6. Let m be 4/(-3) - 14/21. Let d be 0*((-2)/2 - m). Suppose 5*o - 15 - 10 = d. Give c(o).
9
Let y(t) = 15*t**2 - 236459*t - 8 + t**3 + 236472*t - 5. Determine y(-14).
1
Let r = 15 + -9. Let z(m) be the third derivative of -2*m**2 + 0 - 1/3*m**3 - 1/10*m**5 + 1/120*m**6 + 1/24*m**4 + 0*m. Determine z(r).
4
Suppose 15 = 4*m + m. Suppose 0*h - h + m = 0. Let o(w) = 4 - 5 + h*w - 2*w + 2. Calculate o(0).
1
Let s(u) = u**2 - 7*u - 4. Suppose 0 = -4*x - 8 + 20. Suppose 0 = -x*c + 9, 3*l - 11 = -l + 3*c. Determine s(l).
-14
Let t be (1 + -7)*(-1)/3. Let s(o) = -3 - 5*o + 0*o + o**t - 3 + 3. Let k = -69 + 74. What is s(k)?
-3
Let j(r) = 36*r - r**2 - 15*r + r**2 - 22 + 8 + 2*r**2. Determine j(-11).
-3
Let k = 116 - 64. Let i(g) = -g + k - 52. Let q be 12/(-2) + (3 - 2). Give i(q).
5
Let i = 8 + -5. Let n(u) be the first derivative of 2*u**2 - 86 - 3*u**2 + 68 + u. Give n(i).
-5
Suppose 3*q + q - 32 = 0. Let y = 3 - q. Let l(t) = 3*t - 2. Let k(s) = 4*s - 2. Let d(c) = -4*k(c) + 5*l(c). What is d(y)?
3
Let g(l) = -11*l**3 - l**2 + 3*l - 17. Let f(k) = -7*k**3 - k**2 + 2*k - 11. Let o(m) = -8*f(m) + 5*g(m). Give o(-4).
-9
Suppose -5*i - 2 = 4*q - 9, q - 4*i = 28. Let d(m) = -m**3 + 7*m**2 + 9*m - 7. Give d(q).
1
Suppose -5*b + 0*b = 15, 5*p = 4*b + 87. Let j(v) = -38*v + p*v + 22*v - 2. Determine j(2).
-4
Let x(a) = -6 + a + 2 + 7*a**3 - 4*a**3 - 4*a**3 + a**2 + 1. Determine x(0).
-3
Let w(m) be the third derivative of 13*m**5/60 + m**4/12 - 9*m**2. Give w(-1).
11
Let i(z) = 9*z + 137. Let n be i(-15). Let r(p) = 11*p - 2. What is r(n)?
20
Let t(k) = -2 - 7 + 12610*k**2 + 8*k - 12611*k**2. Let n(v) = v**2 + 8. Let a be n(0). Give t(a).
-9
Let p(f) be the third derivative of 1/3*f**4 - 1/360*f**6 + 0 + 4*f**2 - 3/2*f**3 + 0*f + 0*f**5. Let m(j) be the first derivative of p(j). Give m(0).
8
Let l be (-2 - 3/(-2))*2. Let w(i) = 5*i - 3. Determine w(l).
-8
Let f(v) = v**3 - 5*v**2 - 4*v - 8. Let u be f(6). Let j(x) = x**2 - 2*x - 5. Let c be j(u). Let w(n) = 12647 - 5*n - 12648 + 3*n. Give w(c).
-7
Let q(b) be the first derivative of b**2 + 10 + 29/4*b**4 - b - 1/3*b**3. Calculate q(1).
29
Let z(d) be the first derivative of d**2/2 + 6*d - 139. What is z(-5)?
1
Let w(b) = b**2 - b - 3. Let n(u) = -u**3 - 9*u**2 + 10*u - 4. Let k = -7 - 3. Let f be n(k). Let s be 18/117 - f/(-26). What is w(s)?
-3
Let y(u) = 5528*u + 1 - 5522*u - 3. Give y(2).
10
Let d(g) be the second derivative of -30*g - 1/6*g**3 + 3*g**2 + 0. Suppose y - 9 = 3*y - 3*a, -2*a = y + 8. Give d(y).
12
Let u(g) = g**2. Let p(s) = 7*s**2 - 5*s + 7. Let b(v) = p(v) - 6*u(v). Let r = -31 + 41. Suppose -4*l - 36 = -r*l. Calculate b(l).
13
Let r(o) be the third derivative of 0 + 7/60*o**5 + 2/3*o**3 + 0*o**4 - 26*o**2 + 1/120*o**6 + 0*o. Give r(-7).
4
Suppose 12*h - 137 = -77. Let z(j) = j**3 - 6*j**2 + 4*j + 7. What is z(h)?
2
Let o(z) be the third derivative of z**4/4 + z**3/6 - 786*z**2. Let u(q) = q**2 - 10*q - 5. Let b be u(11). Let i be ((-2)/b)/(1/3). Determine o(i).
-5
Suppose 37*m = -10*m + 329. Let x(v) be the first derivative of 3/2*v**2 + 3*v - 1/2*v**4 + m + 0*v**3. What is x(-2)?
13
Let u(i) = -2*i. Suppose -3*a + c + 3 = -17, -5*a - 4*c = -39. Suppose -3*b + a = 2*t, -3*t + 9*b - 4*b - 18 = 0. Determine u(t).
2
Let d(v) = -14 + 3*v - 5*v + 6. Let i(l) = -7*l**2 - 13*l - 13. Let h be i(-1). Calculate d(h).
6
Let m(d) = d**2 + 7*d - 5. Let w be 3/5 + 39/(-15). Let v be (-9)/(2 + 5/w + 2). Calculate m(v).
-11
Suppose 3*u - 4*w = 281, 3*w - 507 = -4*u - u. Let b = -96 + u. Let z(q) = q**2 - 2*q + 4. What is z(b)?
7
Let t(o) = -o**3 + o - 4. Suppose -4*j - 52 = 2*g - 5*g, 3*j - g = -39. Let z(d) = 2*d - 1. Let n be z(-6). Let a = n - j. Determine t(a).
-4
Let n(h) = -h**3 - 3*h**2 - 3*h + 3. Let b be n(-3). Let j be (-1)/(-3) - 4/b. Let x(o) = -2*o**2 + o**3 + 2*o**2 + o**2. What is x(j)?
0
Let w = 22 + -24. Let h be (96/28)/(w/(-7)). Let j(m) = -h*m - 6 - 3*m**2 - m**3 + 3 + 9*m. Calculate j(-3).
6
Suppose 13*n + 1030 = 978. Let j(w) = -w**3 - 4*w**2 + 2*w + 4. Give j(n).
-4
Suppose 3*y + 4*m + 9 = 7*m, -4*m = -2*y - 10. Let r(q) = 8*q**2 - q - 1. Give r(y).
8
Let i(c) = -c + 3. Let t(a) = 10*a - 1. Let k(o) = 4*i(o) + t(o). Give k(-5).
-19
Let t = 267 - 272. Let m(a) = a + 4. Determine m(t).
-1
Let l(j) = -j**3 - 7*j**2 - j - 2. Suppose -5*h + 3*k = 32, 4*h + 6*k - k + 33 = 0. Determine l(h).
5
Let l(j) = -j - 4. Let b be l(-8). Let k(r) = -r**2 + 9*r. Let n(f) = -f + 1. Let y be 10/(-15) - 17/(-3). Let t(p) = y*n(p) + k(p). Determine t(b).
5
Let y = 1259 - 1262. Let m(v) = v**3 + v**2 - v - 3. Give m(y).
-18
Let w be 0 + -10 + 1030/103. Let z(o) = o**3 + o**2 - o + 16. Determine z(w).
16
Let j(o) = -o**3 + 3*o + 5. Let q be -3*((-11)/(-88) - (-39)/72). Determine j(q).
7
Let d(c) = -c**3 + 1 + 0 - 2*c - 1 - 3*c**2 + 1. What is d(-4)?
25
Let i(q) = -94 + 0*q - q - 3*q + 93 + 2*q. What is i(1)?
-3
Let h(w) = 2*w**2 - 3*w - 3. Let i = 13 - 11. Suppose i - 14 = -4*c. What is h(c)?
6
Let c(s) = -s**3 + 8*s**2 - 14*s + 1. Let b be -10*13/195*-9. What is c(b)?
-11
Let n(b) be the third derivative of -b**4/24 + b**3/6 + 506*b**2. Let t(d) = d**3 - d - 2. Let c be t(0). Calculate n(c).
3
Let q(j) = j**2 + 3*j. Let l(p) = 6*p**2 + 21*p - 8. Let c(r) = l(r) - 5*q(r). What is c(-7)?
-1
Suppose 0 = 17*p - 141 - 12. Let k(b) = b**3 - 8*b**2 - 11*b + 1. Determine k(p).
-17
Let z(q) be the first derivative of q**2/2 + 4*q - 146. Give z(4).
8
Let v(k) = 0*k**2 + 34 - 36 - 6*k**2 + 5*k**2. Let r(q) = -3 + 2 + 2 + 5*q**3 - 2*q**2. Let o be r(1). Calculate v(o).
-18
Suppose 5*l + 16 = -4. Let d(w) = -52*w**2 + 25*w**2 - 2 - 6*w + w + 26*w**2. Calculate d(l).
2
Let j = 82 + -67. Let g(h) = -h**3 + 16*h**2 - 17*h + 30. Let i be g(j). Let m(w) = w**3 + w - 9. What is m(i)?
-9
Let l(r) be the first derivative of r**4/2 - 11*r**3/3 + 3*r**2 + 5*r + 157. Determine l(5).
10
Let f(v) = v**3 - v + 12. Let s = -153 + 134. Let d = 19 + s. Determine f(d).
12
Let c(p) = -p**3 - 4*p**2 + 2*p + 2. Suppose 0 = -5*i + 2*i + 3. Suppose 4*x - 45 - 55 = 0. Let f be ((-20)/x)/(i/5). What is c(f)?
-6
Let h(z) = -2*z + 8. Let